when 9104 is divided by 4869?
4235
Calculate the remainder when 99315924 is divided by 199.
198
Calculate the remainder when 1078519 is divided by 956.
151
Calculate the remainder when 26416 is divided by 894.
490
What is the remainder when 1315316 is divided by 9134?
20
Calculate the remainder when 4685861 is divided by 669395.
96
What is the remainder when 33050249 is divided by 794?
793
Calculate the remainder when 110770 is divided by 217.
100
What is the remainder when 7269475 is divided by 164?
11
What is the remainder when 50851708 is divided by 39?
37
Calculate the remainder when 91072 is divided by 45533.
6
Calculate the remainder when 410655 is divided by 80.
15
Calculate the remainder when 12606 is divided by 2734.
1670
Calculate the remainder when 48521 is divided by 35344.
13177
Calculate the remainder when 118973 is divided by 57063.
4847
Calculate the remainder when 7247384 is divided by 1811845.
4
Calculate the remainder when 3708388 is divided by 1854190.
8
Calculate the remainder when 4774 is divided by 1819.
1136
What is the remainder when 3960142 is divided by 216?
214
Calculate the remainder when 109408 is divided by 10321.
6198
What is the remainder when 8308239 is divided by 4154119?
1
What is the remainder when 2966080 is divided by 6004?
104
Calculate the remainder when 14702504 is divided by 182.
180
Calculate the remainder when 679688 is divided by 2614.
48
Calculate the remainder when 7411138 is divided by 1788.
1666
What is the remainder when 18528871 is divided by 119541?
16
Calculate the remainder when 5459 is divided by 3297.
2162
What is the remainder when 1749904 is divided by 155?
109
What is the remainder when 20977 is divided by 20934?
43
What is the remainder when 1271175 is divided by 11?
4
What is the remainder when 293650 is divided by 96560?
3970
Calculate the remainder when 74324634 is divided by 933.
921
What is the remainder when 3080747 is divided by 1990?
227
Calculate the remainder when 2929454 is divided by 195296.
14
Calculate the remainder when 176310 is divided by 4640.
4630
Calculate the remainder when 398445 is divided by 455.
320
Calculate the remainder when 5320521 is divided by 51655.
56
Calculate the remainder when 328720 is divided by 487.
482
Calculate the remainder when 96620 is divided by 1800.
1220
What is the remainder when 44639714 is divided by 519?
5
What is the remainder when 162036 is divided by 316?
244
Calculate the remainder when 400833 is divided by 23856.
19137
Calculate the remainder when 6597128 is divided by 1886.
1786
Calculate the remainder when 25106784 is divided by 374728.
8
Calculate the remainder when 5140177 is divided by 36198.
61
What is the remainder when 31032699 is divided by 664?
659
What is the remainder when 199666 is divided by 4654?
4198
What is the remainder when 2043445 is divided by 14700?
145
What is the remainder when 41110797 is divided by 1200?
1197
What is the remainder when 1966764 is divided by 664?
660
What is the remainder when 200856777 is divided by 20?
17
What is the remainder when 1184224 is divided by 42291?
76
Calculate the remainder when 1410654 is divided by 3114.
12
What is the remainder when 57159 is divided by 19037?
48
Calculate the remainder when 1219009 is divided by 1218984.
25
What is the remainder when 35552 is divided by 35413?
139
Calculate the remainder when 10662213 is divided by 811.
807
What is the remainder when 1025858 is divided by 339?
44
What is the remainder when 23507105 is divided by 166717?
8
Calculate the remainder when 2164758 is divided by 1542.
1332
What is the remainder when 2115393 is divided by 705004?
381
Calculate the remainder when 3620476 is divided by 1625.
1601
Calculate the remainder when 3603193 is divided by 4234.
59
Calculate the remainder when 15418946 is divided by 91.
88
Calculate the remainder when 16325117 is divided by 657.
638
What is the remainder when 9792504 is divided by 50?
4
Calculate the remainder when 428050 is divided by 288.
82
Calculate the remainder when 591639 is divided by 11279.
5131
Calculate the remainder when 9176616 is divided by 95.
91
Calculate the remainder when 58489888 is divided by 31278.
28
Calculate the remainder when 69411 is divided by 64756.
4655
Calculate the remainder when 1146127 is divided by 64.
15
What is the remainder when 602332 is divided by 20077?
22
What is the remainder when 32024257 is divided by 72?
25
What is the remainder when 51800586 is divided by 51800578?
8
What is the remainder when 392143 is divided by 30000?
2143
What is the remainder when 312709 is divided by 1895?
34
Calculate the remainder when 12622479 is divided by 208.
207
What is the remainder when 10065169 is divided by 32?
17
What is the remainder when 96759 is divided by 10717?
306
What is the remainder when 6866174 is divided by 748?
282
What is the remainder when 239314 is divided by 117?
49
Calculate the remainder when 28200774 is divided by 898.
880
Calculate the remainder when 13263 is divided by 80.
63
What is the remainder when 304923 is divided by 103?
43
What is the remainder when 89014466 is divided by 67?
8
Calculate the remainder when 91834 is divided by 6154.
5678
What is the remainder when 2412616 is divided by 126882?
1858
What is the remainder when 20371634 is divided by 11621?
21
Calculate the remainder when 901755782 is divided by 3973.
3972
Calculate the remainder when 345341 is divided by 196.
185
What is the remainder when 412117 is divided by 5493?
142
What is the remainder when 1596951 is divided by 79846?
31
Calculate the remainder when 2008463 is divided by 1218.
1199
Calculate the remainder when 1974 is divided by 56.
14
Calculate the remainder when 23075049 is divided by 2002.
1999
Calculate the remainder when 716395 is divided by 1997.
1469
What is the remainder when 444212 is divided by 32?
20
What is the remainder when 3888283 is divided by 144?
139
Calculate the remainder when 766013078 is divided by 10.
8
What is the remainder when 141269 is divided by 1355?
349
What is the remainder when 12790 is divided by 11978?
812
Calculate the remainder when 62895 is divided by 31439.
17
Calculate the remainder when 495245 is divided by 9236.
5737
What is the remainder when 1534780 is divided by 767291?
198
What is the remainder when 9286479 is divided by 103?
102
Calculate the remainder when 172868 is divided by 5375.
868
Calculate the remainder when 67045 is divided by 340.
65
What is the remainder when 6337518 is divided by 48749?
148
What is the remainder when 36996 is divided by 2949?
1608
What is the remainder when 27116934 is divided by 18?
6
What is the remainder when 2622047 is divided by 11811?
5
Calculate the remainder when 40373 is divided by 1093.
1025
Calculate the remainder when 1763460 is divided by 339.
321
What is the remainder when 148747619 is divided by 1743?
1742
Calculate the remainder when 282383 is divided by 56470.
33
Calculate the remainder when 5095073 is divided by 71.
42
Calculate the remainder when 16044597 is divided by 4420.
4417
Calculate the remainder when 1372 is divided by 947.
425
What is the remainder when 227321 is divided by 184?
81
Calculate the remainder when 348674055 is divided by 18.
15
What is the remainder when 490438 is divided by 81734?
34
Calculate the remainder when 208644913 is divided by 40.
33
Calculate the remainder when 10396087 is divided by 607.
605
Calculate the remainder when 5390521 is divided by 17445.
16
What is the remainder when 387598 is divided by 43006?
544
Calculate the remainder when 644376488 is divided by 163.
161
What is the remainder when 38451 is divided by 38022?
429
Calculate the remainder when 38873 is divided by 385.
373
Calculate the remainder when 1179565 is divided by 1256.
181
What is the remainder when 46054 is divided by 50?
4
Calculate the remainder when 107378 is divided by 8876.
866
Calculate the remainder when 239933 is divided by 59755.
913
Calculate the remainder when 166088 is divided by 990.
758
What is the remainder when 7222133 is divided by 18?
11
Calculate the remainder when 58945917 is divided by 1408.
1405
Calculate the remainder when 173005 is divided by 23.
22
Calculate the remainder when 756128 is divided by 1443.
1439
What is the remainder when